ands digit of s?
1
What is the hundreds digit of 9105/(-2)*400/(-250)?
2
Suppose 354*l - 365*l = -66. Let q(h) = 6*h**3 - 5*h**2 + 2*h + 28. What is the thousands digit of q(l)?
1
What is the hundreds digit of (36/(-21))/(45/140)*(-1410)/4?
8
Let x = 456 - 459. What is the units digit of 914 - (1 + -8) - x?
4
Suppose 343 = 4*s - 653. Let h = s - -366. What is the tens digit of h?
1
Let g be (-2)/(-6) - ((-412)/6 + 7). What is the tens digit of g/279 + (-1141)/(-9)?
2
Suppose 0 = x + 24 - 4. Let r be (-8)/x + (-34)/10. Let a(t) = 2*t**2 - 3*t - 3. What is the tens digit of a(r)?
2
Suppose 5*w + 2*r = 4553, -3*w = -w + r - 1821. Suppose -w + 3191 = 6*x. What is the tens digit of x?
8
Let u(k) = -3*k**2 - 10*k - 8. Let r be u(-3). Let p be -1 - -4 - (r + 5). Suppose l - 43 = p*w - 275, -w + 3*l = -64. What is the units digit of w?
9
Let i = -7 + 4. Let j = i + 22. Suppose -5*q = -j - 6. What is the units digit of q?
5
Let j(d) be the third derivative of d**5/30 - d**4/24 + d**3/6 - 16*d**2. What is the units digit of j(3)?
6
Suppose f + 2*f + 3*l + 2*l = 51891, 5*l = 0. What is the thousands digit of f?
7
Let k(h) = -h**2 + 191*h - 1122. What is the hundreds digit of k(76)?
6
Suppose 2*k + 0*k = f - 2259, 0 = 2*f - 3*k - 4516. Suppose -675 + f = 10*g. Suppose 0 = -3*l + 4*l - g. What is the tens digit of l?
5
Let h(g) = -432*g + 8476. What is the thousands digit of h(-95)?
9
Let z be 6/9 + (-40)/(-12). Let w(c) = 76*c + 38. Let t be w(z). Suppose 5*o = t + 13. What is the units digit of o?
1
Suppose -13*w + 44 = -8. Suppose 690 = -w*r + 3254. What is the hundreds digit of r?
6
Let b be ((-390)/(-2))/5*1/(-3). Let n(s) = -50*s - 211. What is the tens digit of n(b)?
3
Let s(j) = 30*j + 26. Let b be s(-7). Let o = b - -338. Suppose 4*a - 5*t = 254, -3*a + 54 = 5*t - o. What is the tens digit of a?
6
Let w = 147783 - 85779. What is the thousands digit of w?
2
Suppose -70 = 4*z + z. Let t(i) = -3*i + i**3 + 185 + 15*i**2 - 190 + 8*i. What is the units digit of t(z)?
1
Suppose -2*r + 12831 = -j, -j + 7277 = 2*r - 5556. What is the units digit of r?
6
Let v = -482 + 484. What is the units digit of (-48490)/(-52) + (-1)/v?
2
Let j(w) = 2*w**3 - 46*w**2 - 36*w + 15. Let n be j(24). Let l be (173 - (1 - -1))/(-1). Let f = n + l. What is the tens digit of f?
3
Let y = -7481 - -14964. What is the units digit of y?
3
Let x be (-7 + 6 + 11)*1. Let z(j) = -j**3 + 14*j**2 - 11*j - 14. What is the hundreds digit of z(x)?
2
Let b be ((-6)/9)/((-10)/(-3330)). What is the tens digit of (-2 + 36/(-8) + 5)*b?
3
Suppose 15 = -2*w + 7. Let r(m) = -38*m - 19. Let j(z) = -35*z - 18. Let s(g) = -3*j(g) + 4*r(g). What is the tens digit of s(w)?
6
Let i be 3 + (1 - 48/4). Let y(c) = c**3 + 8*c**2 + c + 13. Let b be y(i). Suppose -d + 55 - 4 = -b*h, 168 = 4*d - 2*h. What is the tens digit of d?
4
Suppose 2*z + 2 = 5*d, 2*d = -0*d - 5*z + 24. Let x be -6 - -6 - 6/d. What is the units digit of -15*(-8 - -2 - x)?
5
Suppose -385*u = -421*u + 1979676. What is the ten thousands digit of u?
5
Let a be 685 + (4 - 5) + 6. Let z = -686 + 3248. Suppose 12*b - a = z. What is the tens digit of b?
7
Suppose -91 = 16*v + 5. What is the tens digit of (-13750)/(-14) + (-1 - v/7)?
8
Let z = 315 - 309. Suppose -z*a - 1471 + 5329 = 0. What is the hundreds digit of a?
6
Let k = 2966 - -2128. What is the tens digit of k?
9
Suppose 5*o - u - 1084 = 0, 3*u + 1434 - 569 = 4*o. What is the tens digit of o?
1
Let c(k) = 76*k + 11. Let g be c(3). Let q = 343 - g. What is the hundreds digit of q?
1
Suppose -23574 = -308*b + 306*b - 5*k, -35334 = -3*b - 3*k. What is the units digit of b?
2
Let i = -750 + 740. What is the hundreds digit of -1830*((-4)/i)/(12/(-10))?
6
Let a = 7288 + -7255. What is the units digit of a?
3
Let n(o) = -19090*o - 83. Let p be n(-2). Suppose -41*w = -38204 - p. What is the thousands digit of w?
1
Let n = -6062 - -18402. What is the tens digit of n?
4
Suppose -6 = -2*q, 3976 = -4*y - 5*q - 9069. Let v = y + 4635. What is the hundreds digit of v?
3
Suppose 112*z - 117*z + 25 = 0. Suppose 0 = -z*v - 2*s + 816, -v - 6*s + 10*s = -150. What is the hundreds digit of v?
1
Suppose -5*l + 58 + 32 = 0. Suppose -20*n = -z - l*n + 145, n = -4*z + 571. What is the hundreds digit of z?
1
Let l = 330 + -334. What is the units digit of l/(-4 - 0) - -316?
7
Suppose 0 = -4*r - 16, -4*r - 18 - 23 = 5*f. Let w(l) = -l**3 - 4*l**2 + 12*l + 8. Let j be w(f). Let i = 59 + j. What is the units digit of i?
2
Let d = 48 + -50. Let b(m) = -m**3 - 5*m**2 - 7*m - 2. Let p be b(d). Suppose 3*u - 4*u + 210 = 4*r, 3*r + 3*u - 162 = p. What is the tens digit of r?
5
Let l be -2*((-10)/(-6))/((-12)/18). Suppose l*w + 953 - 208 = 0. What is the units digit of (w/(-2) + (4 - 7))*2?
3
Suppose 2*z = 49 + 75. Let o = 62 - z. Suppose 2*m - 4*q = 6*m - 292, o = 2*m - 4*q - 122. What is the units digit of m?
9
Let l(w) be the third derivative of -w**6/6 - w**5/12 - w**4/6 + 19*w**3/6 + 6*w**2 + 11*w. What is the tens digit of l(-4)?
3
Let h(p) = 6*p**2 + 3*p - 10. Suppose -330 = 4*v + 7*v. Let u = 26 + v. What is the units digit of h(u)?
4
Let d = -420 + 4174. What is the thousands digit of d?
3
Let c = 2960 + -905. Suppose 36*f = 41*f - 5*o - 5130, -2*f = -5*o - c. What is the thousands digit of f?
1
Let z be (6/(-15))/(19/(-285)). Suppose -z*k + 5941 = -4301. What is the hundreds digit of k?
7
Let r be 1599/3 - (3 - 2). Let v = r - 308. What is the tens digit of v?
2
Let v be (1232/(-132))/((-2)/3). Suppose -v*q = 11*q - 10575. What is the tens digit of q?
2
Let c(h) = -59*h**3 + 4*h**3 + 22*h + h**2 - 19*h + 2. Let s be c(-1). Let a = s + 1. What is the tens digit of a?
5
What is the thousands digit of 4148 - 1*((-4)/18 + (-77)/99)?
4
Let o(x) = x**2 + 55*x - 540. Let z be o(8). Let j = -80 - -53. Let h = j - z. What is the units digit of h?
9
Let z(x) = 61*x**2 - 27*x - 8. Let p be z(-4). What is the tens digit of 40/100 - p/(-10)?
0
Let z(a) = 3*a**2 - 20*a + 100. Let x = 35 - 31. What is the units digit of z(x)?
8
Let d be ((-308)/(-693))/(2/18). Suppose 5*f + 2975 = 3*o + 2*o, 8 = d*f. What is the tens digit of o?
9
Let f(s) = -4*s - 1. Let w be f(1). Let a(y) = 5*y**3 + 12*y**2 + 3*y - 17. Let m be a(w). Let l = m + 525. What is the hundreds digit of l?
1
What is the hundreds digit of (788688/(-64))/((-114)/152)?
4
Let h(c) = 19405*c + 26. What is the units digit of h(1)?
1
Let z be (108/(-8))/(((-108)/(-16))/(-9)). What is the units digit of 662/6 + (-6)/z?
0
Suppose 315*o + 1932 = 321*o. Suppose 5*c + 9*n - 6*n - 1522 = 0, 0 = c + 5*n - o. What is the units digit of c?
2
Let s(w) = 2*w**2 - 7*w - 6. Let z be s(4). What is the tens digit of z - -313 - (-3)/1?
1
Suppose 7*u + 24 = 4*i + 11*u, -4*u = i - 12. Suppose -4*x = q - 67, -3*q - 3*x = -i*x - 149. What is the tens digit of q?
5
Suppose 4*z - 97 = 339. Let n be 58/7 + 2/(-7). Suppose -n*r = -z - 187. What is the units digit of r?
7
Suppose -2*r - 20 = -3*k, -47*k + 52*k = 4*r + 36. Suppose 2*c - 10 = 0, k*h + 3*c - 5*c = 2986. What is the units digit of h?
9
Let z(l) = -l + 260. Let o(q) = q - 34. Let r be o(34). What is the hundreds digit of z(r)?
2
What is the ten thousands digit of -3 + 10657 + (5 + 1 - 0) + -2?
1
Let y(u) be the first derivative of u**2 - 24*u + 13. Let t be y(13). What is the tens digit of (-2)/8*t*-44?
2
Let m = -27851 + 48098. What is the thousands digit of m?
0
Let i = 170 + -199. What is the hundreds digit of (i + 760 - 6/1) + -1?
7
Suppose -168*u = -911308 + 363628. What is the units digit of u?
0
Suppose -5 = -s - 5*c + 4, s - 8 = -4*c. Suppose -3*l + 339 = s*k, 2*k - 24 - 91 = -l. What is the hundreds digit of l?
1
Let r be 4/((-16)/(-10))*(-48)/(-30). Suppose 249 = 2*u - 3*x, x + r*x = -2*u + 225. Suppose -4*l + 24 + u = 0. What is the units digit of l?
6
Let i(s) = 64*s - 56. Let f(t) = 9*t - 78. Let r be f(9). What is the hundreds digit of i(r)?
1
Let a = 33 + -30. Let c be 4 - (-1)/(-1)*2 - a. What is the tens digit of ((-2)/2)/(c/38)?
3
Let q = 78 + -71. Suppose 1767 = q*r - 109. What is the hundreds digit of r?
2
Let i = 1827 - 1308. What is the tens digit of i?
1
Suppose 2*w + p = 24760, -2*w - 11*p = -14*p - 24768. What is the units digit of w?
1
Let a(j) = j**3 - j**2 - 27*j + 354. What is the tens digit of a(18)